rue
Let g be 37 + (4 - (-2)/(-2)). Suppose -g*h = -36*h - 4. Let b(v) = 694*v**2 - v + 2. Is b(h) prime?
False
Let s be 0 + -4 - 383/(-1). Let b be (-13150)/(-75) - 4/3. Let d = s + b. Is d prime?
False
Let i(m) be the third derivative of m**7/420 - m**6/180 + m**4/24 + 5*m**3/6 + 13*m**2. Let r(c) be the first derivative of i(c). Is r(4) prime?
True
Let f be 473 - (1 - 1 - -4). Suppose 0 = -4*r - 1333 + f. Let g = r - -329. Is g composite?
False
Suppose -12002 = -2*l - 4*b, -10*l = -13*l + 2*b + 17979. Let k = l + -156. Is k composite?
False
Is ((-85)/(-20))/(40/(-4990992)*(-6)/20) a prime number?
False
Suppose 978*b = 1000*b - 1053118. Is b a prime number?
True
Let n = 1 - -120. Suppose -f + 3160 = -n. Is f composite?
True
Suppose 18 - 54 = -18*f. Suppose 2*g + f*g = h + 11755, 5*h = 5. Is g composite?
False
Suppose -280*j + 4504 = -284*j. Let u = 1895 + j. Is u a prime number?
True
Suppose -4*f = 3*r - 355141, -47*f + 48*f + 2*r - 88779 = 0. Is f a composite number?
False
Suppose -938 = -3*t + 1132. Suppose -h = 3*x - 10, 7*h - 10 = -5*x + 2*h. Suppose -x*n + 10*n = t. Is n a composite number?
True
Suppose -3*l + 4*b + 361 = 0, 0*l + b + 367 = 3*l. Suppose 0 = -5*n + 197 + l. Let p = n - -193. Is p a composite number?
False
Let k(n) = -41307*n - 6739. Is k(-8) a prime number?
True
Let k(b) = -4*b**3 - 34 + b - 3*b**3 + 6*b**3 - 27*b**2 + 6. Let s be k(-22). Let v = 4443 + s. Is v prime?
True
Let z(q) = 4*q**2 - 86*q + 49. Let s be z(21). Let r(o) = 29*o**3 - o - 4. Let y be r(4). Suppose 385 = -s*v + y. Is v a prime number?
False
Let d(u) = 9*u**2 + 12*u - 1. Let g be d(-3). Is g/286 + 179370/26 composite?
False
Let m = 658770 - 231229. Is m a prime number?
True
Let v(y) = 22*y - 348. Let h be v(16). Suppose -h*s + 1539 = k - 0*s, 0 = -5*k + 5*s + 7720. Is k a composite number?
False
Suppose -57*g + 59*g - 1424177 = -c, -7120885 = -5*c + 2*g. Is c a composite number?
False
Let l be (0/1)/(-7 + 9). Let t(u) = u**2 + 560. Let g be t(l). Let p = g - 323. Is p prime?
False
Let m(q) = -32841*q + 5851. Is m(-6) prime?
False
Suppose -12*p = -3*p - 18. Let c be (p/(-3 - -1))/(1/1866). Let v = 3151 + c. Is v a prime number?
False
Suppose -1907*u - 276945 = -1922*u. Is u composite?
True
Suppose 2028765 + 141069 + 508442 = 62*j. Is j a prime number?
False
Suppose -m - 676 = 3*m. Suppose 47*q + 20*q = -4824. Let h = q - m. Is h a prime number?
True
Let d(j) = 2*j**2 + 12*j - 4. Let o be d(-6). Let m be (-8)/12 + (o - 5351/(-3)). Let p = m + -730. Is p prime?
True
Let i(u) = -u**2 - 3*u + 90. Let b be i(-10). Suppose 0 = -b*m + 11*m + 95859. Is m a prime number?
True
Let s(p) = 5165*p**2 - 20*p + 91. Is s(4) prime?
True
Let n = -21548 + 92187. Is n composite?
False
Suppose 8 = -3*w - 10. Let u be (-878)/(w/4 + 2 + -1). Suppose 961 = 5*k - 3*p - 7795, u = k + p. Is k composite?
False
Let x(s) = -s**2 - s + 5. Let z be x(-2). Suppose b + 6218 = z*b. Is b composite?
False
Suppose 11*l = 9*l + 2. Let c be l + -68*1 - 4. Let r = 38 - c. Is r prime?
True
Let f = 25846 + -5689. Is f prime?
False
Let b(h) = 57571*h**2 + 87*h - 201. Is b(2) prime?
True
Suppose 6*c = -155 + 587. Suppose 71*m - c*m - 7 = 0. Let a(v) = -65*v + 14. Is a(m) composite?
True
Is 63/(-588)*-14 - 309803/(-2) prime?
False
Let g be (-18)/4*(-1 - (-71)/(-3)). Let j = 114 - g. Suppose 3*u = -0*b + b + 6999, 2333 = u + j*b. Is u a prime number?
True
Suppose 2*m - 1099 = -197. Let o = 840 - m. Is o prime?
True
Let m = 2939 + -2054. Let q = 520 + m. Is q prime?
False
Let t = -569612 - -824169. Is t a composite number?
False
Let g(s) = s**2 - 5*s + 6. Let o = 22 + -14. Suppose 0 = 2*b - 3*r - 16, -2*b - 3*r + 2*r = -o. Is g(b) composite?
True
Suppose 0*d = -d. Suppose d = -2*v + 2*c + 6406, -27155 + 11128 = -5*v + 2*c. Is v composite?
True
Let i be (-1)/(-3)*-1*1404/(-36). Suppose -3*q - t + 740 = 0, -i*q + 8*q - t + 1234 = 0. Is q prime?
False
Let j = -38 + 43. Is (-12351)/(-8 + j) - 0 composite?
True
Is 63897*228/216 - 2/(-12) composite?
False
Let p(s) = -2*s - 24. Let z be p(-9). Is z*(-1)/30*2435 a composite number?
False
Suppose -307*j + 310*j - 7059 = 0. Is j a prime number?
False
Suppose 104*c - 140*c + 31513313 - 1419365 = 0. Is c a prime number?
False
Is 13 - (-2 + -29052 + 2) composite?
True
Let n(w) = 4277*w - 129. Let a be n(2). Let m = a + -4290. Is m a prime number?
False
Let l = 444 + -228. Suppose 150 = -4*i - 2*i. Let a = i + l. Is a a prime number?
True
Suppose 115*x = 116*x - 3*h - 2558, -4*x - 2*h + 10330 = 0. Is x a composite number?
False
Let a = -1941 - -3612. Let r = -997 + a. Is r prime?
False
Suppose -9*p = 2*m - 2*p - 461932, 10 = 5*p. Is m prime?
True
Let t(u) = 5*u**2 - 2*u - 2. Let k be t(2). Let i(l) = -116*l + 5. Let y be i(k). Let v = -928 - y. Is v prime?
True
Let t = 357069 + -162916. Is t composite?
True
Let l = 1695 - 1707. Let m(o) = -4*o**3 + 2*o**2 - 4*o. Let b be m(3). Is l/b - (-661)/17 prime?
False
Let b be 2/10*0*2/(-4). Suppose -3*n = 4*x - 56, b = 5*x - 0*n + 5*n - 75. Suppose 2212 = -x*l + 15*l. Is l composite?
True
Let z(p) be the first derivative of -23*p**2/2 + 18*p - 7. Let a(d) = -24*d + 17. Let h(t) = 5*a(t) - 6*z(t). Is h(9) a composite number?
False
Suppose -196636 = -54*s + 107931 + 51563. Is s a prime number?
False
Let q(c) = c**3 - 21*c**2 - c + 21. Let s be q(21). Suppose -4*w + s*r + 32 = 4*r, -3*w = -r - 12. Suppose -w + 1 = 4*i, -5*m + 1461 = 4*i. Is m prime?
True
Suppose 2*c + 2 = -2*d, 3*c - 5 + 4 = d. Suppose 64*l + 4687 - 113039 = c. Is l a prime number?
True
Suppose -p = 3*j - 679, 0 = -p - j + 188 + 483. Suppose 0 = p*n - 662*n - 14485. Is n prime?
True
Let b = -5171 - -106438. Is b a composite number?
False
Suppose -3*a + 141514 = 8*w, w - 5329 = -2*a + 12370. Is w a composite number?
True
Suppose 0 = 370*s - 124344426 - 358964168 - 16307216. Is s composite?
False
Let v be ((-13)/9 - -1) + 123/(-27). Is (52/(-12) - v)*8142/4 composite?
True
Is (460 + -456)*2008202/8 a prime number?
False
Let l(j) = 34855*j + 12544. Is l(5) composite?
True
Let l(x) = -x**3 - 13*x**2 + x + 15. Suppose 22*d - 20*d = -26. Let y be l(d). Suppose -g = -3*g + 3*f + 4489, y*g = -4*f + 4454. Is g a composite number?
False
Let g(p) = 11*p**2 - 243*p - 47. Let m be 117/(2 + 1) - (-57)/19. Is g(m) prime?
True
Let d = -64 + 66. Suppose d*a - 12 = -2*a. Let x(c) = 226*c**2 + 6*c - 11. Is x(a) a prime number?
False
Let d be 4*(-18)/(-9) - 8. Suppose 16*x + 16*x - 8672 = d. Is x a composite number?
False
Let h = -624424 + 895515. Is h a prime number?
False
Let z(g) = 3827*g**2 + 2*g. Suppose 16 = r - 3*j, -3*r + 5*j = -0*r - 28. Is z(r) composite?
True
Suppose 0 = 3*m - 2*s - 21, 3*s = -5*m + 7 + 47. Is 2031/2*(-1)/m*-66 a prime number?
False
Let l = -15338 + 49569. Is l composite?
False
Suppose c - 463964 = -3*y, -638*y + 5*c - 463936 = -641*y. Is y a composite number?
True
Let n(z) = 22088*z - 235. Is n(6) a composite number?
True
Suppose 0*g - 60 = 5*z + g, 5*z + 60 = -3*g. Is ((8/z)/(-2))/(4/17508) a composite number?
False
Let k = -15329 - -30581. Let z = k - 8831. Is z composite?
False
Suppose -64*n = -1091779 - 6585213. Is n a prime number?
True
Let b = 1562 + -2278. Let k = b - -1135. Is k composite?
False
Suppose 4*i + 12 = 0, 3*a + 4*i = 2*a - 10. Suppose a*g - 12757 = g. Is g a composite number?
False
Suppose -3*r - 2*r - 2*q = -41, 0 = -r + 2*q + 1. Let z(j) = -2*j - 1. Let a be z(r). Let b(y) = -41*y + 14. Is b(a) prime?
False
Suppose -25*b + 9*b + 32964 = -5*v, 0 = -b - 3*v + 2047. Is b a prime number?
False
Suppose -149*m + 216*m = 1452761. Is m a prime number?
True
Suppose -31*w + 45 = -110. Suppose 132407 = 4*d - 6*h + h, -5*h = -w. Is d composite?
True
Suppose 0 = 3*r - 1 - 14. Suppose 2*q = r*h - 4537, -h + 3*q = -287 - 623. Is h a prime number?
True
Let r be (-11)/(-2) - -2*2/8. Suppose r*h = 4*h - 732. Let b = 1351 + h. Is b a prime number?
False
Let z(v) = 4*v + 55. Let d be ((-4)/(-12))/(4/(-156)). Let b be z(d). Suppose -4 + b = -r, 0 = -5*n - 3*r + 6288. Is n prime?
False
Suppose -336*t + 403*t - 7085317 = 0. Is t prime?
True
Suppose 0 = -12*a - 88 + 196. Let f(t) be the third derivative of t**5/20 - 5*t**4/12 - 19*t**3/6 + t**2. Is f(a) prime?
False
Let v(q) = 2*q - 7. Let f be v(5). Let y be 2/(-1)*(-2 + f - 2). Suppose 0*a - 3*a